Let y = -4 - -26. What is the remainder when y is divided by b?
10
Let f(r) = r**2 - 4*r - 1. Suppose 56 = 2*x + 2*x - 5*h, 115 = 5*x + 5*h. What is the remainder when x is divided by f(6)?
8
Calculate the remainder when 8 is divided by (-2)/(4/2)*(-3 + 0).
2
Suppose -3*u - 61 = -0*u - 4*g, -4*g = 4*u + 72. Let l = -2 - u. Calculate the remainder when l is divided by 10.
7
Suppose -2 = -6*i + 118. What is the remainder when i is divided by 8?
4
Let l be 0 - (1 - (0 - -3)). Suppose 370 = 5*d - 5*y, -d = -l*d + 2*y + 75. What is the remainder when d is divided by 25?
23
Suppose l + 3 = -873. Suppose -5*p = -31 - 39. Calculate the remainder when l/(-22) + (-4)/(-22) is divided by p.
12
Suppose -n + 4*t + 145 - 38 = 0, 286 = 3*n - 5*t. What is the remainder when n is divided by 22?
21
Let n = -17 + 12. Suppose 0 = 4*r + 19 + 33. Let y = n - r. Calculate the remainder when 14 is divided by y.
6
Suppose 3*y - 3*i + 17 = 7*y, 0 = -4*y + i + 5. Suppose 24 = y*p - 5*k, -3*p - k - 49 = -6*p. Let g = p + 11. Calculate the remainder when g is divided by 10.
8
Let w(x) = -x**3 + 5*x**2 + 7*x + 2. What is the remainder when w(6) is divided by 5?
3
Suppose -6*l - 7 = -115. What is the remainder when l is divided by 5?
3
Suppose -3*z + 2*z + 20 = 0. Let f(q) = q + 50. Calculate the remainder when f(0) is divided by z/1 - (4 - 1).
16
Let a = 3 + -3. Suppose 2*u + 2 = 0, -4*s + 2*u + 1 = u. Suppose -4*f + 3*k + 139 = s, a = -0*f - f + 5*k + 56. Calculate the remainder when f is divided by 11.
9
Let b = 20 - -36. What is the remainder when b is divided by 20?
16
Suppose 4*t - u - 32 = 0, 5*t + 2*u + 3*u = 65. What is the remainder when t is divided by (-1)/(4 - (126/5)/6)?
4
Suppose 2*d = 5*c + 122, 5*d - c - 226 = 56. Suppose 4*g + a - 36 = 36, -a = -3*g + 61. What is the remainder when d is divided by g?
18
Calculate the remainder when (-6)/15 - 32/(-5) is divided by 4.
2
Let z(p) = -10*p**2 - 12*p - 7. Let x(w) = 3*w**2 + 4*w + 2. Let k(y) = 7*x(y) + 2*z(y). What is the remainder when k(3) is divided by 22*-1*1/(-2)?
10
Let t be (3 + -2)/((-1)/(-2)). Let h = 4 - t. Suppose 2*j - 3 = -j. Calculate the remainder when h is divided by j.
0
Let l = 11 - -4. Calculate the remainder when 43 is divided by l.
13
Suppose 4*p + 2 = 18. Suppose -2*z = -0*z - 12. Suppose z*n = 2*n + 44. What is the remainder when n is divided by p?
3
Let j be 64/12*(0 - -3). Let r be (-1)/(2 - 34/j). Suppose q = -2*k + 16 + r, 0 = 5*q. Calculate the remainder when 23 is divided by k.
11
Let q(d) be the first derivative of -4*d**4 + d**3/3 - 4. What is the remainder when 31 is divided by q(-1)?
14
Let b = 24 - 21. Suppose -3*a + 24 = 5*h, -a + 5 + b = -2*h. Calculate the remainder when 23 is divided by a.
7
Let s(r) = 13*r**2 - 3. What is the remainder when s(-2) is divided by 10?
9
Suppose 9 = 4*b - 11. What is the remainder when 12 is divided by b?
2
Let w(q) = -q**3 - 4*q**2 - 5*q - 6. Let v be w(-4). Suppose 1 = -k + v. Calculate the remainder when 25 is divided by k.
12
Let q = 2 - 1. Let t = q - -4. Let d = t - -8. Calculate the remainder when d is divided by 7.
6
Let c = 105 + -6. Calculate the remainder when c is divided by 34.
31
Let t be (-3246)/15 + 3/(-5). What is the remainder when t/(-21) - 2/6 is divided by 4?
2
Suppose -3*w + 14 = 2*h, w = 4*h - h + 1. Suppose h - 45 = -j. Let o = -22 + j. What is the remainder when o is divided by 8?
6
Let a = 23 + -15. What is the remainder when 21 is divided by a?
5
Suppose 4*r - 2*r = 2. Let v be (-2)/(-3) + 3/9. Let s = v + 0. What is the remainder when s is divided by r?
0
Calculate the remainder when 19 is divided by 13 + 3 + 1*-5.
8
Suppose 0*z - 30 = -3*z. Let n be 16 + -15 + (36 - 1). Suppose -2*q = -2*m - n - 8, 3*q = 5*m + 76. What is the remainder when q is divided by z?
7
Suppose -2*q = 5*r - 12 + 96, -210 = 5*q + r. Let n = 65 + q. What is the remainder when n is divided by 12?
11
Let g(q) = 3*q**3 - 3*q**2 + 3*q - 3. Let j be (2/(-5))/((-8)/40). What is the remainder when g(j) is divided by 6?
3
Suppose 3*z - 24 = 5*n, 0*n = -3*n - 9. Let c(t) = -t**2 + 6*t. Let j = 9 - 4. What is the remainder when c(j) is divided by z?
2
Let l(p) = -p + 25. What is the remainder when 52 is divided by l(7)?
16
Let y(u) = -u**2 + 5*u - 4. Let i be y(4). Let f(a) = -a + 1. Let k(d) = -d + 14. Let n(h) = -2*f(h) + k(h). What is the remainder when n(i) is divided by 7?
5
Suppose 0 = 2*j - 1 - 7. Suppose 18 = -h + 2*h - 2*l, j*l + 72 = 4*h. What is the remainder when h is divided by 10?
8
Let g = 21 + -8. Calculate the remainder when 51 is divided by g.
12
Suppose 427 = 25*b - 18*b. Calculate the remainder when b is divided by 9.
7
Let m(b) = 6*b**2 + 3*b - 1. Calculate the remainder when m(2) is divided by 237/15 + (-1)/(-5).
13
Let h(o) = o**3 + 12*o**2 - o - 12. Let w be h(-12). Suppose -4*q = -2*g - 80, 16 = -w*g + 4*g. Calculate the remainder when 85 is divided by q.
19
What is the remainder when 33 is divided by (15 + 0)/1 - 3?
9
Let i(m) = -m**2 + 11*m + 5. Let h(f) = f**2 - 3*f - 2. Suppose 0 - 10 = 5*a. What is the remainder when i(8) is divided by h(a)?
5
Let q(p) = 19*p. Calculate the remainder when q(7) is divided by 34.
31
Let u be ((-8)/(-6))/(1/3). Suppose -a + 42 = -u*a. What is the remainder when 26 is divided by 0 + 3/((-3)/a)?
12
Let j(d) = d**3 + d + 70. What is the remainder when j(0) is divided by 18?
16
Let i = -6 + 13. Suppose -9 = 3*b + 9. What is the remainder when ((-162)/15)/(b/15) is divided by i?
6
Suppose 20 = 5*v - 0*v. Suppose -42 = -4*h - 5*u, 2*h + 5*u = 21 - 5. Calculate the remainder when h is divided by v.
1
Suppose -3*s = -0*s + 192. Let o = -39 - s. What is the remainder when o is divided by 13?
12
Let n(m) = -m**2 - 21*m + 26. Calculate the remainder when n(-20) is divided by 16.
14
Let k(p) = 7*p - 2. Suppose 2*o - 4*o = 2*x - 142, 2*o + x = 147. Calculate the remainder when o is divided by k(4).
24
Let q = -75 - -20. Let h = -29 - q. Suppose -5*z + 5*c = -11 - 49, -5*z + c = -40. Calculate the remainder when h is divided by z.
5
Let s = 18 + -7. What is the remainder when ((-168)/(-10))/((-8)/(-20)) is divided by s?
9
Calculate the remainder when 156/40 - 3/(-30) is divided by 1.
0
Suppose -5*s + 4*q - 20 = 0, -4*s + 4*q = 17 + 3. Suppose 40 = -s*n + n. Calculate the remainder when n is divided by 14.
12
Let l = -7 + 25. What is the remainder when l is divided by 7?
4
Let r = 6 + 0. Suppose 4*w + 16 = 0, 2*w + w = -2*d + 6. Calculate the remainder when d is divided by r.
3
Suppose -1233 = -15*a + 6*a. What is the remainder when a is divided by 14?
11
Suppose -5*b + 4*b = -24. Let c = 86 - b. Calculate the remainder when c is divided by 16.
14
Let p be 1*(75 + (-1 - -1)). Let r = -54 + p. Calculate the remainder when r is divided by 8.
5
Let m be -2*3/12*-8. Calculate the remainder when 6/m*(-300)/(-9) is divided by 17.
16
Suppose 0 = -k - 12*k + 390. Calculate the remainder when 54 is divided by k.
24
Suppose 5*f - 105 = 2*u, -f + 2*u + 21 = -0. Suppose -p + f = 5. Calculate the remainder when p is divided by 6.
4
Let g = 9 - -27. Calculate the remainder when 140 is divided by g.
32
Let f = 15 + 0. Calculate the remainder when 73 is divided by f.
13
Let t(a) = a**3 - 9*a**2 - 7*a - 11. What is the remainder when (-2 - -78) + -4 + 2 is divided by t(10)?
17
Let g(o) be the third derivative of o**5/60 - o**4/3 + o**3/6 - 4*o**2. What is the remainder when g(10) is divided by 8?
5
Suppose 5*y + 18 + 52 = 0. Let n be (-4)/14 - 18/y. Calculate the remainder when 11 is divided by 3 - (2 + -2 - n).
3
Let f be ((-24)/(-14))/(8/28). Suppose 17 = l + f. What is the remainder when 31 is divided by l?
9
What is the remainder when (-4)/(-6) - (-492)/18 is divided by 10?
8
Let h(s) = -104*s - 1. Calculate the remainder when h(-1) is divided by 26.
25
Let j(u) be the first derivative of -u**2/2 - 1. Let n be j(-5). Let a = n - -3. Calculate the remainder when 13 is divided by a.
5
Suppose -r = -5*r + 172. Suppose 3*z - 3 = 0, 2*z = -9*o + 14*o - 53. What is the remainder when r is divided by o?
10
Let y be 1 - (1 - 2) - 4. Calculate the remainder when (-15 + 21)/((-3)/(-4) + 0) is divided by y - -5*(1 + 0).
2
Let s = -8 + 19. What is the remainder when s is divided by 6?
5
Suppose -2*r = -r + 2. Suppose -3*t = 2*z